{"id":1073,"date":"2019-12-01T11:59:49","date_gmt":"2019-12-01T10:59:49","guid":{"rendered":"http:\/\/www.kinderlaterne.com\/?page_id=1073"},"modified":"2019-12-01T12:16:44","modified_gmt":"2019-12-01T11:16:44","slug":"cinema-festival-augenblick","status":"publish","type":"page","link":"https:\/\/www.kinderlaterne.com\/index.php\/les-activites-de-kinderlaterne\/cinema-festival-augenblick\/","title":{"rendered":"Cin\u00e9ma Festival Augenblick"},"content":{"rendered":"<p><strong><span style=\"color: #0000ff;\">L&rsquo;Association Kinderlaterne s&rsquo;associe au Festival Augenblick.<\/span><\/strong><\/p>\n<p>Ce festival est consacr\u00e9 au cin\u00e9ma de langue allemande. Il se d\u00e9roule en Alsace au mois de novembre.<br \/>\n<a href=\"https:\/\/festival-augenblick.fr\">https:\/\/festival-augenblick.fr <\/a><\/p>\n<p>Au cin\u00e9ma Adalric, \u00e0 l&rsquo;espace Athic, les enfants peuvent ainsi aller voir un film en langue allemande. Ils sont expos\u00e9s \u00e0 une \u00e9coute de la langue allemande longue en continu et approchent l&rsquo;univers culturel cin\u00e9matographique allemand.<\/p>\n<p>&nbsp;<\/p>\n<p>&nbsp;<\/p>\n","protected":false},"excerpt":{"rendered":"<p>L&rsquo;Association Kinderlaterne s&rsquo;associe au Festival Augenblick. Ce festival est consacr\u00e9 au cin\u00e9ma de langue allemande. Il se d\u00e9roule en Alsace au mois de novembre. https:\/\/festival-augenblick.fr<\/p>\n","protected":false},"author":1,"featured_media":0,"parent":68,"menu_order":0,"comment_status":"closed","ping_status":"closed","template":"","meta":{"footnotes":""},"class_list":["post-1073","page","type-page","status-publish","hentry"],"_links":{"self":[{"href":"https:\/\/www.kinderlaterne.com\/index.php\/wp-json\/wp\/v2\/pages\/1073","targetHints":{"allow":["GET"]}}],"collection":[{"href":"https:\/\/www.kinderlaterne.com\/index.php\/wp-json\/wp\/v2\/pages"}],"about":[{"href":"https:\/\/www.kinderlaterne.com\/index.php\/wp-json\/wp\/v2\/types\/page"}],"author":[{"embeddable":true,"href":"https:\/\/www.kinderlaterne.com\/index.php\/wp-json\/wp\/v2\/users\/1"}],"replies":[{"embeddable":true,"href":"https:\/\/www.kinderlaterne.com\/index.php\/wp-json\/wp\/v2\/comments?post=1073"}],"version-history":[{"count":3,"href":"https:\/\/www.kinderlaterne.com\/index.php\/wp-json\/wp\/v2\/pages\/1073\/revisions"}],"predecessor-version":[{"id":1080,"href":"https:\/\/www.kinderlaterne.com\/index.php\/wp-json\/wp\/v2\/pages\/1073\/revisions\/1080"}],"up":[{"embeddable":true,"href":"https:\/\/www.kinderlaterne.com\/index.php\/wp-json\/wp\/v2\/pages\/68"}],"wp:attachment":[{"href":"https:\/\/www.kinderlaterne.com\/index.php\/wp-json\/wp\/v2\/media?parent=1073"}],"curies":[{"name":"wp","href":"https:\/\/api.w.org\/{rel}","templated":true}]}}

Cinéma Festival Augenblick

<p><strong><span style="color: #0000ff;">L&rsquo;Association Kinderlaterne s&rsquo;associe au Festival Augenblick.</span></strong></p>
<p>Ce festival est consacré au cinéma de langue allemande. Il se déroule en Alsace au mois de novembre.<br />
<a href="https://festival-augenblick.fr">https://festival-augenblick.fr </a></p>
<p>Au cinéma Adalric, à l&rsquo;espace Athic, les enfants peuvent ainsi aller voir un film en langue allemande. Ils sont exposés à une écoute de la langue allemande longue en continu et approchent l&rsquo;univers culturel cinématographique allemand.</p>
<p>&nbsp;</p>
<p>&nbsp;</p>

<p>L&rsquo;Association Kinderlaterne s&rsquo;associe au Festival Augenblick. Ce festival est consacré au cinéma de langue allemande. Il se déroule en Alsace au mois de novembre. https://festival-augenblick.fr</p>
