{"id":233,"date":"2017-08-21T21:52:34","date_gmt":"2017-08-21T19:52:34","guid":{"rendered":"http:\/\/www.kinderlaterne.com\/?page_id=233"},"modified":"2024-02-17T17:34:37","modified_gmt":"2024-02-17T16:34:37","slug":"spiel-und-spass","status":"publish","type":"page","link":"https:\/\/www.kinderlaterne.com\/index.php\/evenements\/spiel-und-spass\/","title":{"rendered":"Spiel und Spass"},"content":{"rendered":"<p>Kinderlaterne vous propose des apr\u00e8s-midis jeux en langue allemande, pour les enfants de tous \u00e2ges, qui d\u00e9couvrent &#8211; peut-\u00eatre ! &#8211; de nouveaux jeux de soci\u00e9t\u00e9.<\/p>\n<p><span style=\"color: #0000ff;\"><strong>Prochain Spiel und Spass : le samedi 16 f\u00e9vrier 2024 de 15h00 \u00e0 16h00.<\/strong><\/span><\/p>\n<p>Spiel und Spass 2022 :<\/p>\n<p><img loading=\"lazy\" decoding=\"async\" class=\"alignnone wp-image-1611\" src=\"https:\/\/www.kinderlaterne.com\/wp-content\/uploads\/2023\/09\/Spiel-und-Spass-2022-1.jpg\" alt=\"\" width=\"219\" height=\"292\" srcset=\"https:\/\/www.kinderlaterne.com\/wp-content\/uploads\/2023\/09\/Spiel-und-Spass-2022-1.jpg 768w, https:\/\/www.kinderlaterne.com\/wp-content\/uploads\/2023\/09\/Spiel-und-Spass-2022-1-225x300.jpg 225w\" sizes=\"auto, (max-width: 219px) 100vw, 219px\" \/>\u00a0\u00a0 <img loading=\"lazy\" decoding=\"async\" class=\"alignnone wp-image-1613\" src=\"https:\/\/www.kinderlaterne.com\/wp-content\/uploads\/2023\/09\/Spiel-und-Spass-2022-4.jpg\" alt=\"\" width=\"219\" height=\"292\" srcset=\"https:\/\/www.kinderlaterne.com\/wp-content\/uploads\/2023\/09\/Spiel-und-Spass-2022-4.jpg 768w, https:\/\/www.kinderlaterne.com\/wp-content\/uploads\/2023\/09\/Spiel-und-Spass-2022-4-225x300.jpg 225w\" sizes=\"auto, (max-width: 219px) 100vw, 219px\" \/>\u00a0\u00a0\u00a0<img loading=\"lazy\" decoding=\"async\" class=\"alignnone wp-image-1612\" src=\"https:\/\/www.kinderlaterne.com\/wp-content\/uploads\/2023\/09\/Spiel-und-Spass-2022-2.jpg\" alt=\"\" width=\"291\" height=\"219\" srcset=\"https:\/\/www.kinderlaterne.com\/wp-content\/uploads\/2023\/09\/Spiel-und-Spass-2022-2.jpg 1024w, https:\/\/www.kinderlaterne.com\/wp-content\/uploads\/2023\/09\/Spiel-und-Spass-2022-2-300x225.jpg 300w, https:\/\/www.kinderlaterne.com\/wp-content\/uploads\/2023\/09\/Spiel-und-Spass-2022-2-768x576.jpg 768w\" sizes=\"auto, (max-width: 291px) 100vw, 291px\" \/><\/p>\n<p>L&rsquo;occasion de pratiquer l&rsquo;allemand dans la joie et la bonne humeur!<\/p>\n<div id='gallery-1' class='gallery galleryid-233 gallery-columns-3 gallery-size-thumbnail'><figure class='gallery-item'>\n\t\t\t<div class='gallery-icon landscape'>\n\t\t\t\t<a href='https:\/\/www.kinderlaterne.com\/index.php\/evenements\/spiel-und-spass\/af-20170304-153846-23712_lr\/'><img loading=\"lazy\" decoding=\"async\" width=\"150\" height=\"150\" src=\"https:\/\/www.kinderlaterne.com\/wp-content\/uploads\/2017\/08\/AF-20170304-153846-23712_LR-150x150.jpg\" class=\"attachment-thumbnail size-thumbnail\" alt=\"\" \/><\/a>\n\t\t\t<\/div><\/figure><figure class='gallery-item'>\n\t\t\t<div class='gallery-icon landscape'>\n\t\t\t\t<a href='https:\/\/www.kinderlaterne.com\/index.php\/evenements\/spiel-und-spass\/af-20170304-154732-23723_lr\/'><img loading=\"lazy\" decoding=\"async\" width=\"150\" height=\"150\" src=\"https:\/\/www.kinderlaterne.com\/wp-content\/uploads\/2017\/08\/AF-20170304-154732-23723_LR-150x150.jpg\" class=\"attachment-thumbnail size-thumbnail\" alt=\"\" \/><\/a>\n\t\t\t<\/div><\/figure><figure class='gallery-item'>\n\t\t\t<div class='gallery-icon landscape'>\n\t\t\t\t<a href='https:\/\/www.kinderlaterne.com\/index.php\/evenements\/spiel-und-spass\/af-20170304-154852-23728_lr\/'><img loading=\"lazy\" decoding=\"async\" width=\"150\" height=\"150\" src=\"https:\/\/www.kinderlaterne.com\/wp-content\/uploads\/2017\/08\/AF-20170304-154852-23728_LR-150x150.jpg\" class=\"attachment-thumbnail size-thumbnail\" alt=\"\" \/><\/a>\n\t\t\t<\/div><\/figure><figure class='gallery-item'>\n\t\t\t<div class='gallery-icon landscape'>\n\t\t\t\t<a href='https:\/\/www.kinderlaterne.com\/index.php\/evenements\/spiel-und-spass\/af-20170304-155358-23741_lr\/'><img loading=\"lazy\" decoding=\"async\" width=\"150\" height=\"150\" src=\"https:\/\/www.kinderlaterne.com\/wp-content\/uploads\/2017\/08\/AF-20170304-155358-23741_LR-150x150.jpg\" class=\"attachment-thumbnail size-thumbnail\" alt=\"\" \/><\/a>\n\t\t\t<\/div><\/figure><figure class='gallery-item'>\n\t\t\t<div class='gallery-icon landscape'>\n\t\t\t\t<a href='https:\/\/www.kinderlaterne.com\/index.php\/evenements\/spiel-und-spass\/af-20170304-155419-23744_lr\/'><img loading=\"lazy\" decoding=\"async\" width=\"150\" height=\"150\" src=\"https:\/\/www.kinderlaterne.com\/wp-content\/uploads\/2017\/08\/AF-20170304-155419-23744_LR-150x150.jpg\" class=\"attachment-thumbnail size-thumbnail\" alt=\"\" \/><\/a>\n\t\t\t<\/div><\/figure><figure class='gallery-item'>\n\t\t\t<div class='gallery-icon landscape'>\n\t\t\t\t<a href='https:\/\/www.kinderlaterne.com\/index.php\/evenements\/spiel-und-spass\/af-20170304-164127-23769_lr\/'><img loading=\"lazy\" decoding=\"async\" width=\"150\" height=\"150\" src=\"https:\/\/www.kinderlaterne.com\/wp-content\/uploads\/2017\/08\/AF-20170304-164127-23769_LR-150x150.jpg\" class=\"attachment-thumbnail size-thumbnail\" alt=\"\" \/><\/a>\n\t\t\t<\/div><\/figure>\n\t\t<\/div>\n\n<p><em>Spiel und Spass<\/em> en juin 2019 dans les jardin du domaine de la L\u00e9onardsau :<\/p>\n<p><img loading=\"lazy\" decoding=\"async\" class=\"alignnone size-medium wp-image-881\" src=\"https:\/\/www.kinderlaterne.com\/wp-content\/uploads\/2019\/06\/IMG_5791-e1561305385426-225x300.jpg\" alt=\"\" width=\"225\" height=\"300\" srcset=\"https:\/\/www.kinderlaterne.com\/wp-content\/uploads\/2019\/06\/IMG_5791-e1561305385426-225x300.jpg 225w, https:\/\/www.kinderlaterne.com\/wp-content\/uploads\/2019\/06\/IMG_5791-e1561305385426-768x1024.jpg 768w, https:\/\/www.kinderlaterne.com\/wp-content\/uploads\/2019\/06\/IMG_5791-e1561305385426.jpg 1224w\" sizes=\"auto, (max-width: 225px) 100vw, 225px\" \/> \u00a0\u00a0 <img loading=\"lazy\" decoding=\"async\" class=\"alignnone size-medium wp-image-873\" src=\"https:\/\/www.kinderlaterne.com\/wp-content\/uploads\/2019\/06\/IMG_5790-300x225.jpg\" alt=\"\" width=\"300\" height=\"225\" srcset=\"https:\/\/www.kinderlaterne.com\/wp-content\/uploads\/2019\/06\/IMG_5790-300x225.jpg 300w, https:\/\/www.kinderlaterne.com\/wp-content\/uploads\/2019\/06\/IMG_5790-768x576.jpg 768w, https:\/\/www.kinderlaterne.com\/wp-content\/uploads\/2019\/06\/IMG_5790-1024x768.jpg 1024w, https:\/\/www.kinderlaterne.com\/wp-content\/uploads\/2019\/06\/IMG_5790.jpg 1632w\" sizes=\"auto, (max-width: 300px) 100vw, 300px\" \/><\/p>\n<p><img loading=\"lazy\" decoding=\"async\" class=\"alignnone size-medium wp-image-872\" src=\"https:\/\/www.kinderlaterne.com\/wp-content\/uploads\/2019\/06\/IMG_5787-300x225.jpg\" alt=\"\" width=\"300\" height=\"225\" srcset=\"https:\/\/www.kinderlaterne.com\/wp-content\/uploads\/2019\/06\/IMG_5787-300x225.jpg 300w, https:\/\/www.kinderlaterne.com\/wp-content\/uploads\/2019\/06\/IMG_5787-768x576.jpg 768w, https:\/\/www.kinderlaterne.com\/wp-content\/uploads\/2019\/06\/IMG_5787-1024x768.jpg 1024w, https:\/\/www.kinderlaterne.com\/wp-content\/uploads\/2019\/06\/IMG_5787.jpg 1632w\" sizes=\"auto, (max-width: 300px) 100vw, 300px\" \/><\/p>\n<p>&nbsp;<\/p>\n","protected":false},"excerpt":{"rendered":"<p>Kinderlaterne vous propose des apr\u00e8s-midis jeux en langue allemande, pour les enfants de tous \u00e2ges, qui d\u00e9couvrent &#8211; peut-\u00eatre ! &#8211; de nouveaux jeux de<\/p>\n","protected":false},"author":1,"featured_media":0,"parent":229,"menu_order":0,"comment_status":"closed","ping_status":"closed","template":"","meta":{"footnotes":""},"class_list":["post-233","page","type-page","status-publish","hentry"],"_links":{"self":[{"href":"https:\/\/www.kinderlaterne.com\/index.php\/wp-json\/wp\/v2\/pages\/233","targetHints":{"allow":["GET"]}}],"collection":[{"href":"https:\/\/www.kinderlaterne.com\/index.php\/wp-json\/wp\/v2\/pages"}],"about":[{"href":"https:\/\/www.kinderlaterne.com\/index.php\/wp-json\/wp\/v2\/types\/page"}],"author":[{"embeddable":true,"href":"https:\/\/www.kinderlaterne.com\/index.php\/wp-json\/wp\/v2\/users\/1"}],"replies":[{"embeddable":true,"href":"https:\/\/www.kinderlaterne.com\/index.php\/wp-json\/wp\/v2\/comments?post=233"}],"version-history":[{"count":16,"href":"https:\/\/www.kinderlaterne.com\/index.php\/wp-json\/wp\/v2\/pages\/233\/revisions"}],"predecessor-version":[{"id":1655,"href":"https:\/\/www.kinderlaterne.com\/index.php\/wp-json\/wp\/v2\/pages\/233\/revisions\/1655"}],"up":[{"embeddable":true,"href":"https:\/\/www.kinderlaterne.com\/index.php\/wp-json\/wp\/v2\/pages\/229"}],"wp:attachment":[{"href":"https:\/\/www.kinderlaterne.com\/index.php\/wp-json\/wp\/v2\/media?parent=233"}],"curies":[{"name":"wp","href":"https:\/\/api.w.org\/{rel}","templated":true}]}}