{"id":244,"date":"2017-08-21T22:24:40","date_gmt":"2017-08-21T20:24:40","guid":{"rendered":"http:\/\/www.kinderlaterne.com\/?page_id=244"},"modified":"2023-09-14T22:28:55","modified_gmt":"2023-09-14T20:28:55","slug":"theatre-en-allemand","status":"publish","type":"page","link":"https:\/\/www.kinderlaterne.com\/index.php\/les-activites-de-kinderlaterne\/theatre-en-allemand\/","title":{"rendered":"Th\u00e9\u00e2tre en Allemand"},"content":{"rendered":"<div id=\"ext-gen1012\" class=\"status-notifier\">\n<div class=\"status-content-wrap\">\n<div id=\"ext-gen1007\" class=\"status-content\">\n<div class=\"message-wrap\">\n<div id='gallery-1' class='gallery galleryid-244 gallery-columns-4 gallery-size-medium'><figure class='gallery-item'>\n\t\t\t<div class='gallery-icon landscape'>\n\t\t\t\t<a href='https:\/\/www.kinderlaterne.com\/index.php\/les-activites-de-kinderlaterne\/theatre-en-allemand\/photo-theatre\/'><img loading=\"lazy\" decoding=\"async\" width=\"300\" height=\"225\" src=\"https:\/\/www.kinderlaterne.com\/wp-content\/uploads\/2017\/08\/photo-theatre-300x225.png\" class=\"attachment-medium size-medium\" alt=\"\" srcset=\"https:\/\/www.kinderlaterne.com\/wp-content\/uploads\/2017\/08\/photo-theatre-300x225.png 300w, https:\/\/www.kinderlaterne.com\/wp-content\/uploads\/2017\/08\/photo-theatre.png 500w\" sizes=\"auto, (max-width: 300px) 100vw, 300px\" \/><\/a>\n\t\t\t<\/div><\/figure><figure class='gallery-item'>\n\t\t\t<div class='gallery-icon landscape'>\n\t\t\t\t<a href='https:\/\/www.kinderlaterne.com\/index.php\/les-activites-de-kinderlaterne\/theatre-en-allemand\/photo-2-theatre\/'><img loading=\"lazy\" decoding=\"async\" width=\"300\" height=\"225\" src=\"https:\/\/www.kinderlaterne.com\/wp-content\/uploads\/2017\/08\/photo-2-theatre-300x225.png\" class=\"attachment-medium size-medium\" alt=\"\" srcset=\"https:\/\/www.kinderlaterne.com\/wp-content\/uploads\/2017\/08\/photo-2-theatre-300x225.png 300w, https:\/\/www.kinderlaterne.com\/wp-content\/uploads\/2017\/08\/photo-2-theatre.png 500w\" sizes=\"auto, (max-width: 300px) 100vw, 300px\" \/><\/a>\n\t\t\t<\/div><\/figure><figure class='gallery-item'>\n\t\t\t<div class='gallery-icon landscape'>\n\t\t\t\t<a href='https:\/\/www.kinderlaterne.com\/index.php\/les-activites-de-kinderlaterne\/theatre-en-allemand\/photo-3-theatre\/'><img loading=\"lazy\" decoding=\"async\" width=\"300\" height=\"225\" src=\"https:\/\/www.kinderlaterne.com\/wp-content\/uploads\/2017\/08\/photo-3-theatre-300x225.png\" class=\"attachment-medium size-medium\" alt=\"\" srcset=\"https:\/\/www.kinderlaterne.com\/wp-content\/uploads\/2017\/08\/photo-3-theatre-300x225.png 300w, https:\/\/www.kinderlaterne.com\/wp-content\/uploads\/2017\/08\/photo-3-theatre.png 500w\" sizes=\"auto, (max-width: 300px) 100vw, 300px\" \/><\/a>\n\t\t\t<\/div><\/figure><figure class='gallery-item'>\n\t\t\t<div class='gallery-icon landscape'>\n\t\t\t\t<a href='https:\/\/www.kinderlaterne.com\/index.php\/les-activites-de-kinderlaterne\/theatre-en-allemand\/photo-4-theatre\/'><img loading=\"lazy\" decoding=\"async\" width=\"300\" height=\"225\" src=\"https:\/\/www.kinderlaterne.com\/wp-content\/uploads\/2017\/08\/photo-4-theatre-300x225.png\" class=\"attachment-medium size-medium\" alt=\"\" srcset=\"https:\/\/www.kinderlaterne.com\/wp-content\/uploads\/2017\/08\/photo-4-theatre-300x225.png 300w, https:\/\/www.kinderlaterne.com\/wp-content\/uploads\/2017\/08\/photo-4-theatre.png 600w\" sizes=\"auto, (max-width: 300px) 100vw, 300px\" \/><\/a>\n\t\t\t<\/div><\/figure>\n\t\t<\/div>\n\n<p><img loading=\"lazy\" decoding=\"async\" class=\"alignnone size-full wp-image-1216\" src=\"https:\/\/www.kinderlaterne.com\/wp-content\/uploads\/2021\/03\/theatre-toussaint-2021-1-1.jpg\" alt=\"\" width=\"3264\" height=\"2448\" srcset=\"https:\/\/www.kinderlaterne.com\/wp-content\/uploads\/2021\/03\/theatre-toussaint-2021-1-1.jpg 3264w, https:\/\/www.kinderlaterne.com\/wp-content\/uploads\/2021\/03\/theatre-toussaint-2021-1-1-300x225.jpg 300w, https:\/\/www.kinderlaterne.com\/wp-content\/uploads\/2021\/03\/theatre-toussaint-2021-1-1-768x576.jpg 768w, https:\/\/www.kinderlaterne.com\/wp-content\/uploads\/2021\/03\/theatre-toussaint-2021-1-1-1024x768.jpg 1024w\" sizes=\"auto, (max-width: 3264px) 100vw, 3264px\" \/><\/p>\n<p><img loading=\"lazy\" decoding=\"async\" class=\"alignnone size-full wp-image-1202\" src=\"https:\/\/www.kinderlaterne.com\/wp-content\/uploads\/2021\/03\/Theater-1.jpg\" alt=\"\" width=\"640\" height=\"360\" srcset=\"https:\/\/www.kinderlaterne.com\/wp-content\/uploads\/2021\/03\/Theater-1.jpg 640w, https:\/\/www.kinderlaterne.com\/wp-content\/uploads\/2021\/03\/Theater-1-300x169.jpg 300w\" sizes=\"auto, (max-width: 640px) 100vw, 640px\" \/><\/p>\n<p>L\u2019activit\u00e9 <span style=\"color: #0000ff;\">th\u00e9\u00e2tre<\/span> propos\u00e9 par Kinderlaterne, en quoi \u00e7a consiste pour les enfants ?<\/p>\n<p><strong>Ce sont des ateliers sous plusieurs formes : en semaine ou le week-end et un stage pour la pr\u00e9paration du spectacle de la Saint-Martin.<\/strong><\/p>\n<p>Les ateliers prennent en compte l&rsquo;\u00e2ge des enfants.<\/p>\n<p>Ils sont anim\u00e9s par des professionnels :<span style=\"color: #ff6600;\"> le Theater Eurodistrict Baden Alsace <\/span><\/p>\n<p><strong><span style=\"color: #0000ff;\">2023-2024 : IL S&rsquo;AGIT DE LA PREPARATION DU SPECTACLE DE LA SAINT-MARTIN EN ATELIER INTENSIF du 30\/10 au 03\/11 de 9h \u00e0 12h pour les \u00e9l\u00e9mentaires, 45 euros \/ enfant. 4 s\u00e9ances.<\/span><\/strong><\/p>\n<p>Au cours des s\u00e9ances, votre enfant va :<\/p>\n<p><u><b>Devenir auteur<\/b><\/u> en cr\u00e9ant avec son groupe une petite pi\u00e8ce de th\u00e9\u00e2tre d\u2019un quart d\u2019heure apr\u00e8s avoir choisi son personnage\u2026.<\/p>\n<p>Et croyez-moi ils ont une imagination d\u00e9bordante\u00a0!<\/p>\n<p>Extrait\u00a0:<i><\/i><\/p>\n<p style=\"padding-left: 60px;\"><em>MUSIK &#8211; Rentiere<\/em><\/p>\n<p style=\"padding-left: 60px;\"><em>Auftritt Rentiere. Sie kommen herein\u2026<\/em><\/p>\n<p style=\"padding-left: 60px;\"><em>Paul\/ Ana\u00e9: Wir haben Hunger. Bitte eine Karotte!<\/em><\/p>\n<p style=\"padding-left: 60px;\"><em>Wir haben Hunger. Bitte eine Karotte!<\/em><\/p>\n<p style=\"padding-left: 60px;\"><em>Wir haben Hunger. Bitte eine Karotte!<\/em><\/p>\n<p style=\"padding-left: 60px;\"><em>Sie gehen kurz ins Publikum\u2026 Und st\u00f6ren ein bisschen\u2026<\/em><\/p>\n<p style=\"padding-left: 60px;\"><em>Etienne\/ Audrey: Hey, kommt her. Hier ist eine Karotte!<\/em><\/p>\n<p style=\"padding-left: 60px;\"><em>Jeder gibt eine Karotte. Es klopft\/klingeln an der T\u00fcr\u2026<\/em><\/p>\n<p style=\"padding-left: 60px;\"><em>DING-DONG<\/em><\/p>\n<p style=\"padding-left: 60px;\"><em>Alle: Oh, wer ist denn da?<\/em><\/p>\n<p style=\"padding-left: 60px;\"><em>MUSIK &#8211; Hase<\/em><\/p>\n<p style=\"padding-left: 60px;\"><em>Der Hase (Emma) h\u00fcpft herein, er ist ein lustiger Hase\u2026<\/em><\/p>\n<p style=\"padding-left: 60px;\"><em>Emma: Heeeeellllooooo! Ich bin da!<\/em><\/p>\n<p style=\"padding-left: 60px;\"><em>Alle: Hallo Hase!<\/em><\/p>\n<p style=\"padding-left: 60px;\"><em>Emma: Hallo Alle! Wo sind meine Geschenke?<\/em><\/p>\n<p style=\"padding-left: 60px;\"><em>Etienne: Aber, Weihnachten ist morgen!<\/em><\/p>\n<p><u><b>Pr\u00e9voir les d\u00e9guisements et accessoires<\/b><\/u><u>, <\/u><u><b>cr\u00e9er des d\u00e9cors<\/b><\/u>\u2026<\/p>\n<p>Tablier de peinture obligatoire pour des sur-mesure !<\/p>\n<p><u><b>Etre acteur et partager le plaisir de s\u2019exprimer en allemand<\/b><\/u>\u00a0!<\/p>\n<p>Et enfin <u><b>jouer la repr\u00e9sentation finale du spectacle<\/b><\/u>\u00a0avec son groupe devant un public de parents et d\u2019enfants !<\/p>\n<p>Le niveau de langue est adapt\u00e9 au niveau d\u2019allemand de votre enfant et il aura peut-\u00eatre aussi l\u2019occasion d\u2019utiliser d\u2019autres comp\u00e9tences acquises lors d\u2019autres activit\u00e9s. Ainsi nous avons pu voir sur notre sc\u00e8ne des danseuses classiques, des chevaliers, des gymnastes, des danseurs de hip hop , des escrimeurs\u2026<\/p>\n<p>Chacun cr\u00e9e son personnage\u00a0!!! Lapin, reine des Neiges, sorciers, princesses, renne de P\u00e8re No\u00ebl, danseuse\u2026<\/p>\n<\/div>\n<\/div>\n<\/div>\n<\/div>\n<div>\n<p>&nbsp;<\/p>\n<\/div>\n","protected":false},"excerpt":{"rendered":"<p>L\u2019activit\u00e9 th\u00e9\u00e2tre propos\u00e9 par Kinderlaterne, en quoi \u00e7a consiste pour les enfants ? Ce sont des ateliers sous plusieurs formes : en semaine ou le<\/p>\n","protected":false},"author":1,"featured_media":0,"parent":68,"menu_order":0,"comment_status":"closed","ping_status":"closed","template":"","meta":{"footnotes":""},"class_list":["post-244","page","type-page","status-publish","hentry"],"_links":{"self":[{"href":"https:\/\/www.kinderlaterne.com\/index.php\/wp-json\/wp\/v2\/pages\/244","targetHints":{"allow":["GET"]}}],"collection":[{"href":"https:\/\/www.kinderlaterne.com\/index.php\/wp-json\/wp\/v2\/pages"}],"about":[{"href":"https:\/\/www.kinderlaterne.com\/index.php\/wp-json\/wp\/v2\/types\/page"}],"author":[{"embeddable":true,"href":"https:\/\/www.kinderlaterne.com\/index.php\/wp-json\/wp\/v2\/users\/1"}],"replies":[{"embeddable":true,"href":"https:\/\/www.kinderlaterne.com\/index.php\/wp-json\/wp\/v2\/comments?post=244"}],"version-history":[{"count":33,"href":"https:\/\/www.kinderlaterne.com\/index.php\/wp-json\/wp\/v2\/pages\/244\/revisions"}],"predecessor-version":[{"id":1594,"href":"https:\/\/www.kinderlaterne.com\/index.php\/wp-json\/wp\/v2\/pages\/244\/revisions\/1594"}],"up":[{"embeddable":true,"href":"https:\/\/www.kinderlaterne.com\/index.php\/wp-json\/wp\/v2\/pages\/68"}],"wp:attachment":[{"href":"https:\/\/www.kinderlaterne.com\/index.php\/wp-json\/wp\/v2\/media?parent=244"}],"curies":[{"name":"wp","href":"https:\/\/api.w.org\/{rel}","templated":true}]}}