{"id":295,"date":"2017-08-28T19:51:12","date_gmt":"2017-08-28T17:51:12","guid":{"rendered":"http:\/\/www.kinderlaterne.com\/?page_id=295"},"modified":"2025-10-02T20:24:07","modified_gmt":"2025-10-02T18:24:07","slug":"adherer","status":"publish","type":"page","link":"https:\/\/www.kinderlaterne.com\/index.php\/adherer\/","title":{"rendered":"Adh\u00e9rer"},"content":{"rendered":"\n<p><strong>Comment devenir membre ?<\/strong><\/p>\n\n\n\n<p>C&rsquo;est simple! Il vous suffit de :<\/p>\n\n\n\n<ul class=\"wp-block-list\">\n<li>remplir le<strong><a href=\"https:\/\/www.kinderlaterne.com\/wp-content\/uploads\/2025\/10\/Kinderlaterne-adhesion.pdf\"><span style=\"color: #0000ff;\"> bulletin d&rsquo;adh\u00e9sion<\/span> <\/a><span style=\"color: #ff6600;\">=> \u00e0 d\u00e9poser au 8, Square Saint-Charles \u00e0 Obernai <\/span><br><br><\/strong><\/li>\n\n\n\n<li>r\u00e9gler la cotisation annuelle (ann\u00e9e scolaire) de 10 \u20ac<\/li>\n<\/ul>\n\n\n\n<p>La cotisation permet \u00e0 toute la famille (parents et enfants):<\/p>\n\n\n\n<ul class=\"wp-block-list\">\n<li>d&rsquo;\u00eatre inform\u00e9 par mail des actualit\u00e9s de l&rsquo;association,<\/li>\n\n\n\n<li>de participer aux sorties et de b\u00e9n\u00e9ficier de tarifs r\u00e9duits aux spectacles,<\/li>\n\n\n\n<li>de s&rsquo;inscrire aux activit\u00e9s payantes (au cours de th\u00e9\u00e2tre en allemand &#8230;)<\/li>\n<\/ul>\n\n\n\n<p>En adh\u00e9rant \u00e0 Kinderlaterne vous pouvez \u00e9galement devenir membre d&rsquo;<a href=\"http:\/\/www.eltern-bilinguisme.org\/\">ELTERN Alsace<\/a> sans frais compl\u00e9mentaires.<\/p>\n\n\n\n<p class=\"has-text-align-center\"><span style=\"color: #ff6600;\"><strong>N&rsquo;h\u00e9sitez plus,<\/strong><\/span><\/p>\n\n\n\n<p class=\"has-text-align-center\"><span style=\"color: #ff6600;\"><strong>pour profiter de nos activit\u00e9s,<\/strong><\/span><\/p>\n\n\n\n<p class=\"has-text-align-center\"><span style=\"color: #ff6600;\"><strong>rejoignez nous !<\/strong><\/span><\/p>\n","protected":false},"excerpt":{"rendered":"<p>Comment devenir membre ? C&rsquo;est simple! Il vous suffit de : La cotisation permet \u00e0 toute la famille (parents et enfants): En adh\u00e9rant \u00e0 Kinderlaterne<\/p>\n","protected":false},"author":1,"featured_media":0,"parent":0,"menu_order":0,"comment_status":"closed","ping_status":"closed","template":"","meta":{"footnotes":""},"class_list":["post-295","page","type-page","status-publish","hentry"],"_links":{"self":[{"href":"https:\/\/www.kinderlaterne.com\/index.php\/wp-json\/wp\/v2\/pages\/295","targetHints":{"allow":["GET"]}}],"collection":[{"href":"https:\/\/www.kinderlaterne.com\/index.php\/wp-json\/wp\/v2\/pages"}],"about":[{"href":"https:\/\/www.kinderlaterne.com\/index.php\/wp-json\/wp\/v2\/types\/page"}],"author":[{"embeddable":true,"href":"https:\/\/www.kinderlaterne.com\/index.php\/wp-json\/wp\/v2\/users\/1"}],"replies":[{"embeddable":true,"href":"https:\/\/www.kinderlaterne.com\/index.php\/wp-json\/wp\/v2\/comments?post=295"}],"version-history":[{"count":24,"href":"https:\/\/www.kinderlaterne.com\/index.php\/wp-json\/wp\/v2\/pages\/295\/revisions"}],"predecessor-version":[{"id":1760,"href":"https:\/\/www.kinderlaterne.com\/index.php\/wp-json\/wp\/v2\/pages\/295\/revisions\/1760"}],"wp:attachment":[{"href":"https:\/\/www.kinderlaterne.com\/index.php\/wp-json\/wp\/v2\/media?parent=295"}],"curies":[{"name":"wp","href":"https:\/\/api.w.org\/{rel}","templated":true}]}}