{"id":377,"date":"2017-08-30T21:27:31","date_gmt":"2017-08-30T19:27:31","guid":{"rendered":"http:\/\/www.kinderlaterne.com\/?page_id=377"},"modified":"2025-10-25T11:00:38","modified_gmt":"2025-10-25T09:00:38","slug":"nos-objectifs","status":"publish","type":"page","link":"https:\/\/www.kinderlaterne.com\/index.php\/nos-objectifs\/","title":{"rendered":"Nos objectifs"},"content":{"rendered":"\n<ul class=\"wp-block-list\">\n<li>Notre association propose\u00a0des activit\u00e9s vari\u00e9es pour pratiquer l&rsquo;allemand et l&rsquo;alsacien de mani\u00e8re concr\u00e8te et ludique.<\/li>\n\n\n\n<li>Gr\u00e2ce \u00e0 des sorties en Allemagne, des ateliers linguistiques ou encore\u00a0des stages th\u00e9\u00e2tre, nous cultivons une ambiance d\u2019amiti\u00e9 <img decoding=\"async\" src=\"https:\/\/fonts.gstatic.com\/s\/e\/notoemoji\/16.0\/1f389\/32.png\" alt=\"\ud83c\udf89\"> et de coop\u00e9ration<img decoding=\"async\" src=\"https:\/\/fonts.gstatic.com\/s\/e\/notoemoji\/16.0\/1f91d\/32.png\" alt=\"\ud83e\udd1d\">,\u00a0tout en\u00a0encourageant\u00a0la ma\u00eetrise des langues, la confiance en soi et la cr\u00e9ation de liens interculturels<img decoding=\"async\" src=\"https:\/\/fonts.gstatic.com\/s\/e\/notoemoji\/16.0\/1f30d\/32.png\" alt=\"\ud83c\udf0d\">.<\/li>\n<\/ul>\n\n\n\n<p><strong>Avec Kinderlaterne, donnez vie \u00e0 la langue&nbsp;!<\/strong><\/p>\n","protected":false},"excerpt":{"rendered":"<p>Avec Kinderlaterne, donnez vie \u00e0 la langue&nbsp;!<\/p>\n","protected":false},"author":1,"featured_media":0,"parent":0,"menu_order":0,"comment_status":"closed","ping_status":"closed","template":"","meta":{"footnotes":""},"class_list":["post-377","page","type-page","status-publish","hentry"],"_links":{"self":[{"href":"https:\/\/www.kinderlaterne.com\/index.php\/wp-json\/wp\/v2\/pages\/377","targetHints":{"allow":["GET"]}}],"collection":[{"href":"https:\/\/www.kinderlaterne.com\/index.php\/wp-json\/wp\/v2\/pages"}],"about":[{"href":"https:\/\/www.kinderlaterne.com\/index.php\/wp-json\/wp\/v2\/types\/page"}],"author":[{"embeddable":true,"href":"https:\/\/www.kinderlaterne.com\/index.php\/wp-json\/wp\/v2\/users\/1"}],"replies":[{"embeddable":true,"href":"https:\/\/www.kinderlaterne.com\/index.php\/wp-json\/wp\/v2\/comments?post=377"}],"version-history":[{"count":5,"href":"https:\/\/www.kinderlaterne.com\/index.php\/wp-json\/wp\/v2\/pages\/377\/revisions"}],"predecessor-version":[{"id":1807,"href":"https:\/\/www.kinderlaterne.com\/index.php\/wp-json\/wp\/v2\/pages\/377\/revisions\/1807"}],"wp:attachment":[{"href":"https:\/\/www.kinderlaterne.com\/index.php\/wp-json\/wp\/v2\/media?parent=377"}],"curies":[{"name":"wp","href":"https:\/\/api.w.org\/{rel}","templated":true}]}}

<ul class="wp-block-list">
<li>Notre association propose des activités variées pour pratiquer l&rsquo;allemand et l&rsquo;alsacien de manière concrète et ludique.</li>



<li>Grâce à des sorties en Allemagne, des ateliers linguistiques ou encore des stages théâtre, nous cultivons une ambiance d’amitié <img decoding="async" src="https://fonts.gstatic.com/s/e/notoemoji/16.0/1f389/32.png" alt="🎉"> et de coopération<img decoding="async" src="https://fonts.gstatic.com/s/e/notoemoji/16.0/1f91d/32.png" alt="🤝">, tout en encourageant la maîtrise des langues, la confiance en soi et la création de liens interculturels<img decoding="async" src="https://fonts.gstatic.com/s/e/notoemoji/16.0/1f30d/32.png" alt="🌍">.</li>
</ul>



<p><strong>Avec Kinderlaterne, donnez vie à la langue&nbsp;!</strong></p>

<p>Avec Kinderlaterne, donnez vie à la langue&nbsp;!</p>
