{"id":76,"date":"2017-03-18T17:03:47","date_gmt":"2017-03-18T16:03:47","guid":{"rendered":"http:\/\/test.kinderlaterne.com\/?page_id=76"},"modified":"2023-09-14T22:28:39","modified_gmt":"2023-09-14T20:28:39","slug":"la-bibliotheque","status":"publish","type":"page","link":"https:\/\/www.kinderlaterne.com\/index.php\/les-activites-de-kinderlaterne\/la-bibliotheque\/","title":{"rendered":"Biblioth\u00e8que : des livres en Allemand et Alsacien"},"content":{"rendered":"<div><\/div>\n<div><\/div>\n<div>Nous vous proposons un <span style=\"color: #0000ff;\">pr\u00eat de livres en allemand et alsacien<\/span> : plus de 200 ouvrages adapt\u00e9s \u00e0 la maternelle et au primaire\u00a0: documentaires, contes et histoires, imagiers mais aussi livres audio, magasines et BD.<\/div>\n<div>\n<p><span style=\"color: #ff6600;\">Les mercredis des ateliers en alsacien<\/span> de 10h \u00e0 10h30.<\/p>\n<p>Responsable\u00a0: Anne Ensminger 06 63 12 17 00.<\/p>\n<p>Il n\u2019est pas n\u00e9cessaire d\u2019\u00eatre inscrit aux ateliers pour profiter du pr\u00eat de livres.<\/p>\n<\/div>\n<div><\/div>\n<div><\/div>\n","protected":false},"excerpt":{"rendered":"<p>Nous vous proposons un pr\u00eat de livres en allemand et alsacien : plus de 200 ouvrages adapt\u00e9s \u00e0 la maternelle et au primaire\u00a0: documentaires, contes<\/p>\n","protected":false},"author":1,"featured_media":277,"parent":68,"menu_order":3,"comment_status":"closed","ping_status":"closed","template":"","meta":{"footnotes":""},"class_list":["post-76","page","type-page","status-publish","has-post-thumbnail","hentry"],"_links":{"self":[{"href":"https:\/\/www.kinderlaterne.com\/index.php\/wp-json\/wp\/v2\/pages\/76","targetHints":{"allow":["GET"]}}],"collection":[{"href":"https:\/\/www.kinderlaterne.com\/index.php\/wp-json\/wp\/v2\/pages"}],"about":[{"href":"https:\/\/www.kinderlaterne.com\/index.php\/wp-json\/wp\/v2\/types\/page"}],"author":[{"embeddable":true,"href":"https:\/\/www.kinderlaterne.com\/index.php\/wp-json\/wp\/v2\/users\/1"}],"replies":[{"embeddable":true,"href":"https:\/\/www.kinderlaterne.com\/index.php\/wp-json\/wp\/v2\/comments?post=76"}],"version-history":[{"count":24,"href":"https:\/\/www.kinderlaterne.com\/index.php\/wp-json\/wp\/v2\/pages\/76\/revisions"}],"predecessor-version":[{"id":1593,"href":"https:\/\/www.kinderlaterne.com\/index.php\/wp-json\/wp\/v2\/pages\/76\/revisions\/1593"}],"up":[{"embeddable":true,"href":"https:\/\/www.kinderlaterne.com\/index.php\/wp-json\/wp\/v2\/pages\/68"}],"wp:featuredmedia":[{"embeddable":true,"href":"https:\/\/www.kinderlaterne.com\/index.php\/wp-json\/wp\/v2\/media\/277"}],"wp:attachment":[{"href":"https:\/\/www.kinderlaterne.com\/index.php\/wp-json\/wp\/v2\/media?parent=76"}],"curies":[{"name":"wp","href":"https:\/\/api.w.org\/{rel}","templated":true}]}}

Bibliothèque : des livres en Allemand et Alsacien

<div></div>
<div></div>
<div>Nous vous proposons un <span style="color: #0000ff;">prêt de livres en allemand et alsacien</span> : plus de 200 ouvrages adaptés à la maternelle et au primaire : documentaires, contes et histoires, imagiers mais aussi livres audio, magasines et BD.</div>
<div>
<p><span style="color: #ff6600;">Les mercredis des ateliers en alsacien</span> de 10h à 10h30.</p>
<p>Responsable : Anne Ensminger 06 63 12 17 00.</p>
<p>Il n’est pas nécessaire d’être inscrit aux ateliers pour profiter du prêt de livres.</p>
</div>
<div></div>
<div></div>

<p>Nous vous proposons un prêt de livres en allemand et alsacien : plus de 200 ouvrages adaptés à la maternelle et au primaire : documentaires, contes</p>
